2*s**3 + 0. What is j(g)?
-1
Let j(d) = -d + 1. Let t be j(3). Let f(o) be the first derivative of -o**4/4 - 3*o**2/2 - 5*o - 8761. Calculate f(t).
9
Let v(x) be the first derivative of -x**5/60 + x**4/8 - x**3/3 + x**2 + 18. Let y(m) be the second derivative of v(m). Calculate y(6).
-20
Suppose 0 = -37*k + 41*k - 28, 4*w = 2*k + 54. Let b(c) = -c**2 + 16*c + 19. Determine b(w).
2
Suppose 2*m - 2532 = 14*m. Let p = m - -215. Let r(k) = -k**2 + 4*k - 6. Calculate r(p).
-6
Suppose 30*a - 25*a + 30 = 0. Let c be ((-18)/a - 1)*1. Let r(g) = 10*g**2 + 3*g. Let o(q) = -29*q**2 - 8*q. Let d(h) = 6*o(h) + 17*r(h). Give d(c).
-10
Suppose 6 = -0*z + 3*z. Let w be (0 - 3) + z + -4. Let y(q) be the third derivative of -q**4/24 - 3*q**3/2 + 128*q**2 - q. What is y(w)?
-4
Let h be -11 - -7 - (1/(-1) + 2). Suppose 4*k + 7 = 19. Let c(s) = 2 - 4*s + k*s - 8. What is c(h)?
-1
Suppose 24*u = 21*u. Let y = u - -2. Suppose 2*t + 0*v + 8 = y*v, -5*v + 20 = -4*t. Let z(k) = -k**2 - k + 2. Give z(t).
2
Suppose 3*f = 4*y - 2, 0 = 3*y + 3*f - 16 + 4. Let l(h) = 185*h + h**y - 374*h + 188*h - 33. Calculate l(0).
-33
Let n(t) = t**2 + 7*t - 1. Let c = 1148 - 1086. Let h = 93 - 34. Let s = h - c. Calculate n(s).
-13
Let m(f) = 15*f**2 - 50*f**2 + 8*f**2 - 6*f + 18*f**2 - 3. Give m(-2).
-27
Suppose 2*m - 5*y = -3*y - 4, 4*y - 20 = -2*m. Let l(x) = -19*x + 7. Give l(m).
-31
Let y(h) = 7*h**2 - 5. Let w(k) = -20*k**2 + 14. Let o(v) = -3*w(v) - 8*y(v). Let x(d) = -669*d - 197 - 667*d + 1341*d. Let m be x(39). What is o(m)?
14
Let a(t) = -t**2 + 56*t - 55. Let k(w) = -4*w + 2. Let q(l) = a(l) + 4*k(l). Give q(39).
-8
Let k be (-176)/154 + (-29)/(-7). Let l(x) = 0 + 1 - 3*x + 4*x**2 - x**3 - 2. What is l(k)?
-1
Let q = -18 + 23. Let r be (0 + -1)*(-1 - q/1). Let w(g) = g + r*g + 2*g + 1. Calculate w(1).
10
Let m(u) = -11*u**3 + u**2 + 58*u + 79. Let h(b) = -2*b**3 - b**2 + 6*b - 1. Let c(y) = 6*h(y) - m(y). Give c(-5).
-25
Let k(t) = -5*t + 4*t - t**2 + 3 + 2*t + 4*t. Let o(x) = 9*x - 49. Let v be o(10). Suppose 4*a = -3*u + v, 8 = 6*u - 2*u - 4*a. Give k(u).
-11
Let y(l) = l**2 + 10*l - 2. Let v be (-10)/4*(-792)/(-180). Determine y(v).
9
Suppose 3*p = 68 + 733. Let j = -265 + p. Let i(q) be the third derivative of q**4/12 + q**3/6 + q**2. Calculate i(j).
5
Let d be 221/6 - 28/(-168). Suppose -d*b + 27*b - 50 = 0. Let h(x) = 6*x - 2. Calculate h(b).
-32
Suppose v + 5*w = 21, 5*w = -4*v + 55 - 1. Suppose 52 = 6*p + 10. Let x(y) = -y**2 - p + 7 + 1 - y + v. Give x(0).
12
Let f(k) = -3086*k + 1530*k + 1535*k - k**2 - 18. Calculate f(-21).
-18
Let l(s) be the third derivative of -3*s**4/8 - 65*s**3/6 - 7*s**2 + 698*s. What is l(-8)?
7
Let r(g) = -3*g**3 - 3*g**2 - 17*g. Let q(p) = 8*p**2 + 0*p**3 + 12*p**2 - 19*p**2 + 6*p + p**3. Let w(k) = 17*q(k) + 6*r(k). What is w(0)?
0
Let b(k) be the third derivative of 2*k**2 + 0*k - 9 - 5/6*k**3 - 1/24*k**4. What is b(-3)?
-2
Let x(i) = 6*i - 20. Suppose -21*z - 36 = -27 - 72. What is x(z)?
-2
Let v(s) be the third derivative of -s**4/24 + s**3/3 + 26*s**2 + 5. Let y = -8 - -15. Suppose -18 = 4*w - y*w. Give v(w).
-4
Let x(z) = 2*z + 277*z**2 + 277*z**2 - 7 - 555*z**2 + 7*z - 5*z. Calculate x(6).
-19
Let q(b) = -7*b**3 + 5*b**2 - b - 2. Suppose 436*a - 438*a + 10 = 4. Give q(a).
-149
Let g(i) be the third derivative of i**4/24 + 5*i**3/3 + 3*i**2. Suppose -4*k = 5*k + 1521. Let h = 169 + k. Determine g(h).
10
Let k be (-12)/222 - (-13906)/1258. Let h(x) = x**2 - 11*x + 40. What is h(k)?
40
Let d(h) = -16*h + 282. Let n(o) = -103. Let x(m) = d(m) + 3*n(m). Give x(4).
-91
Let z(s) = s**3 + 4*s - 2. Let n(c) = -10*c + 19. Let f(i) = 5*i - 9. Let g(r) = -13*f(r) - 6*n(r). Let j(v) = -3*g(v) - 4*z(v). What is j(-1)?
4
Let a(k) be the second derivative of -k**2 + 0 + k + 1/20*k**5 - 2/3*k**3 - 1/3*k**4. Let g be ((-6)/(-36))/((-13)/(-468))*20/24. Give a(g).
3
Let v(q) = q**2 - 3*q - 2. Let d = -57 - -60. Let w(m) = -m + 2*m - 265 + 234 + d*m. Let n be w(9). Give v(n).
8
Suppose -4*z + 2*j + 52 = 6*j, -3*z = -4*j - 11. Let x(h) = -h**3 + 7*h**2 + 16*h + 9. Calculate x(z).
-9
Let x(p) = -156834 - 10*p + 0*p**2 + 156856 - p**2. Give x(-12).
-2
Let x be -5*(-5)/25 + -341. Let i = x - -343. Let h(d) = d**2 - 3*d - 3. Calculate h(i).
-3
Let i(h) = -h - 89. Let m(b) = b - 89. Let q(l) = -2*i(l) + 3*m(l). Calculate q(18).
1
Let a(t) = -t + 0*t - 6 + 4 + 0*t. Suppose -2272*x + 2279*x = -21. Give a(x).
1
Let f be (0*2/2)/(5 - 3). Suppose f = -j - 2*g - 15, -22*j + 19*j = 3*g + 33. Let c(i) = -i**2 - 8*i + 2. Give c(j).
9
Let h(a) = 11*a - 27*a**2 + 10*a**2 - a + 4*a**2 + 12*a**2 - 21. What is h(2)?
-5
Let r(g) = -g**3 - 5*g**2 + 7*g + 9. Let i be (-13486)/20 - 33/(-110). Let d = 668 + i. Calculate r(d).
3
Let k(u) = u - 8. Let h be 78*(2/18 + (-4)/(-18)). Suppose -6*d + 65 = 5*j - d, 0 = -2*j - 3*d + h. Let n be k(j). Let y(p) = p**2 - 7*p + 2. What is y(n)?
-8
Let u(a) be the first derivative of -a**4/2 - a**2/2 - a - 1. Let g be -9 - (-21 + 11) - (0 + -1). Suppose p + 2 = -g*w, -4*w + 5 = -4*p + 9. Calculate u(w).
2
Let g(l) = 4*l**2 - 17*l - 95. Let t(z) = -5*z**2 + 17*z + 107. Let b(n) = 6*g(n) + 5*t(n). Give b(-15).
-5
Let z(n) be the second derivative of n**3/6 - 9*n**2/2 - 802*n. Give z(9).
0
Let n(i) = -i**3 + 29*i**2 + 39*i + 715. Let s be n(31). Let u(y) be the second derivative of -1/3*y**3 + 1/12*y**4 - 22*y + 0 - 2*y**s. Give u(4).
4
Let h = 3521 - 3522. Let q(w) be the third derivative of w**5/60 + w**4/24 + w**3/2 + 3*w**2. Let d(r) be the first derivative of q(r). Calculate d(h).
-1
Let z(f) = 2*f**2 - 2*f - 1. Suppose -5*b + 86 = 66. Suppose -2*i + b*k = 6, 2*i + k = 2*k. Let o be ((5 - 2)/(-9))/(i/(-6)). Give z(o).
3
Let u(h) = 4*h + 1. Let x be u(0). Let j(i) = 4*i**2 - 6*i + 3. Let q(r) = r**2 - 1. Let l(k) = x*j(k) - 5*q(k). What is l(-8)?
-8
Let q(r) = 55 + 59 - 180 - 10*r + 73. What is q(12)?
-113
Suppose -2*u = -5*j - 53, 0 = u + 3*u + 4*j - 120. Suppose 0 = x - f + 15, -6*x = -3*x + f + u. Let n(o) = -o - 20. What is n(x)?
-9
Suppose 0*a - 5*a + 40 = 0. Let n(z) = 7*z + 2. Let v(j) = 96*j + 44. Let f(o) = 14*n(o) - v(o). What is f(a)?
0
Let b(u) = -u**3 - u**2 + 7*u + 4. Let g(x) = x**3 + 17*x**2 - 18*x - 3. Let w(q) = -q - 14. Let r be w(4). Let f be g(r). Determine b(f).
1
Let d(s) = 4*s**2 - s. Suppose -4*u - 5*j = -25, 2*u + 2*u - 4*j = -20. Suppose u = -5*o + 132 + 8. Let g be (-34)/14 - (-1)/(o/12). Determine d(g).
18
Suppose 2*p + 45 = -5*o, -4*p + 38 - 37 = -3*o. Let g(n) = n**2 + 11*n + 57. Calculate g(p).
27
Let n(o) = 78*o + 1958. Let k be n(-25). Let c(r) = -12*r - 12. Determine c(k).
-108
Let v(k) = 11 + 38 - 26 + 0*k + 3 - 4*k. Determine v(6).
2
Let n(j) = 2*j**2 - j + j**2 + j. Let o(h) = -2*h**2 - 19*h - 4. Let w be o(-9). Suppose 10 = 5*k + w*k. Give n(k).
3
Let c be (-1)/((-6)/(-27))*2*10/(-15). Let d(s) = 9*s - 52. Give d(c).
2
Let i(n) = -11*n - 3. Let x(a) = -766*a - 6. Let z be x(0). What is i(z)?
63
Suppose y + 4*w + 27 = 3, -y - 5*w - 23 = 0. Let k = 26 + y. Let j be -3 - (0 - (k + 0)). Let m(u) = -u**3 - 4*u**2 + 5*u - 7. Determine m(j).
-7
Let c(l) = 21*l - 4. Let i(b) = -31*b - 1. Let p(t) = 59*t. Let v(r) = 5*i(r) + 3*p(r). Let y(q) = -6*c(q) + 5*v(q). Calculate y(1).
-17
Let i(w) be the first derivative of 11*w**2/2 + 11*w - 3752. Calculate i(4).
55
Let m(o) be the second derivative of o**4/4 + o**3/3 + o**2 - 120*o + 3. Determine m(-1).
3
Let o(z) = -16*z - 7052*z**2 + 21161*z**2 - 7058*z**2 + z**3 - 7056*z**2. Calculate o(7).
-14
Let m = -34 - -38. Let x be (-2 + ((-48)/m)/(-4))*-5. Let g(d) = d + 1. Give g(x).
-4
Let r(g) be the first derivative of 0*g**3 + 0*g + 0*g**2 + 5/2*g**4 + 3. Let z be 28/(-6)*96/(-64) + -6. What is r(z)?
10
Suppose -1214 = -27*b - 404. Let x(r) = -2*r**3 + 61*r**2 - 30*r + 3. What is x(b)?
3
Let a(v) = 8512*v - 17068*v + 8562*v - 70. Give a(15).
20
Let b be (-11 - -19) + -4*1. Let m = 2 + b. Let k(w) = w. Let o be k(m). Let h(g) = -g**3 + 7*g**2 - 4*g + 3. Calculate h(o).
15
Let i(g) = 51*g**3 - 3*g**2 - 34*g. Let j(h) = 25*h**3 - h**2 - 14*h. Let q(a) = -2*i(a) + 5*j(a). Give q(1).
22
Let o(l) = -8*l - 12. Let p be -5 + (1/(60/24))/(4/(-10)). What is o(p)?
36
Let q(b) = -9*b + 190 - 308 - 3*b**2 + 19*b + 4*b**2 + 9*b. Determine q(5).
2
Let u be 423/(-54) + 2/(-12). 